x - 971 + 166 = p. Is x prime?
False
Suppose -2*f - 4*u = -4*f + 18, 5*f - 2*u = 21. Let v be (-9)/(-6)*4/f. Let p(s) = 32*s + 1. Is p(v) a composite number?
True
Let m = 655 + 1396. Is m a prime number?
False
Let l be 1/(-2) - (-1965)/6. Suppose 0 = -0*k + 3*k - l. Let p = -60 + k. Is p composite?
True
Let a be -3 + 3 + (-1 - -3). Let b(l) = 95*l + 1. Is b(a) a prime number?
True
Let u = 31 + -27. Let p = 41 - 27. Suppose -u = h - p. Is h a composite number?
True
Let y(n) = 3*n**2 + 20*n + 14. Is y(-17) a composite number?
False
Let u(y) = -153*y**2 + y + 1. Let k be u(-1). Is 2/(-7) + k/(-21) a composite number?
False
Let c(o) be the first derivative of 2*o**3/3 - o**2/2 - 2*o - 1. Let x be c(2). Suppose x*p - i = 22 + 5, p = 5*i + 21. Is p a prime number?
False
Let k(g) = 7*g + 3. Let l be k(-4). Suppose i = -0*v - 2*v + 186, -2*i = -4. Let w = v + l. Is w a composite number?
False
Let c(q) = q**3 + q**2 + 3*q - 1. Let l be c(-5). Let w = l - -197. Suppose 2*p = 49 + w. Is p composite?
True
Let y = -2610 - -8675. Is y a prime number?
False
Suppose -4*p + 2*b + 1480 = -2*b, 4*b = -3*p + 1131. Is p composite?
False
Suppose -2*u = -i - 95, -3*u + 0*i + 140 = -2*i. Suppose p - 21 = u. Is p prime?
True
Let r be (-8)/(4/(-2))*1. Suppose 4*v = -r*x, 3*v = 2*v - 2*x. Suppose -p + 0*p + 22 = v. Is p a prime number?
False
Let r(o) be the second derivative of -o**4/4 - o. Let s be r(-2). Is s*2*(-3)/18 prime?
False
Let b be (16/20)/(2/5). Suppose -l - 10 = -5*f, -4*l + b*l = 2*f - 4. Suppose l = 2*m - 6*m + 104. Is m a composite number?
True
Let v = -8 - -10. Suppose -g - 155 = -5*q + 2*g, -v*q + 62 = 3*g. Is q prime?
True
Let l = -1 + 0. Let y(c) be the second derivative of -9*c**5/5 + c**4/12 - c**3/6 - c**2/2 + 2*c. Is y(l) prime?
True
Let w be (-709)/(-3) - (-4)/(-12). Suppose -5*n + w = 2*h, 89 = 3*n - 2*h - 43. Is n prime?
False
Suppose 3*y + 1962 = 9*y. Is y composite?
True
Let w = 1 + -4. Let d(c) = c**3 + 5*c - 1. Let j(y) = -y**3 + y**2 - 5*y. Let k(t) = 2*d(t) + 3*j(t). Is k(w) a prime number?
True
Suppose 5*v + 274 = 4*g, -3*g + 162 = -3*v - 0*g. Let a(o) = 5*o**2 - 2*o - 8. Let n be a(5). Let d = v + n. Is d a prime number?
False
Let d(t) = -t + 3. Let n be d(-3). Let z = n - -127. Is z a prime number?
False
Let d = 3 + -1. Suppose -d*u - u + 990 = 0. Suppose -325 = -4*x - 3*n, 0 = 3*x - 7*x - 2*n + u. Is x a prime number?
False
Let f(w) = 2*w**3 + 5*w**2 - 4*w + 9. Is f(4) composite?
True
Suppose 0 = -3*r - r + 104. Is r prime?
False
Let i(f) = -f**2 - f + 11. Let d(p) = p**2 + p. Let g(l) = 2*d(l) + i(l). Is g(0) prime?
True
Let d(x) be the first derivative of 7*x**3/3 - x**2 - 2*x + 2. Is d(-5) a composite number?
True
Let l(x) be the second derivative of 10*x**3/3 + x**2/2 + x. Let t be l(2). Let q = 80 - t. Is q composite?
True
Let d(c) be the second derivative of -c**6/360 + 7*c**5/120 + 7*c**4/24 + c**3/6 + 2*c. Let q(w) be the second derivative of d(w). Is q(7) composite?
False
Let g = -1508 - -3267. Is g prime?
True
Suppose -17*l + 6223 = -10*l. Is l a prime number?
False
Let q be 5/4*(-12)/(-3). Suppose -3*x + 15 = 3*d, q*x - 5 = -2*d + 2. Suppose n = 2*n - d. Is n prime?
False
Let t = 29 + -17. Let y(x) = 16 + 7*x + t*x + 2*x**2 - 5 - 7*x. Is y(-9) a composite number?
True
Suppose 3*r + 14 = 4*l, 2*l - 12 = -3*l + r. Suppose 0*z + 106 = l*z. Is z a prime number?
True
Let t(o) = -128*o - 2. Let m be t(-5). Suppose 2*v - 2*y = 1268, -4*v = -3*v + 3*y - m. Suppose 4*q - v = -q. Is q a composite number?
False
Let g = 10 - 6. Suppose 5*o = 4*s + 6 + 15, -5*s + 10 = o. Suppose 2*z = -z + 3*q + 432, 0 = -g*z + o*q + 575. Is z prime?
False
Suppose 54 - 172 = -2*b. Is b prime?
True
Is 17928/10 + 3/15 a prime number?
False
Suppose -m - 3*m = -3356. Is m a composite number?
False
Let w = -865 - -1496. Is w a prime number?
True
Let a = -46 + 21. Suppose 3*g = 5*m - 171, 0 = 4*g + 7*m - 3*m + 260. Let n = a - g. Is n a composite number?
False
Suppose 4*j - 558 = 766. Is j a prime number?
True
Let h be -2 + -1 + 1 + -4. Let f = 37 - h. Is f composite?
False
Let r = -3 - -2. Let b(u) = -3*u**2 - u. Let p be b(r). Is -2*p*231/12 composite?
True
Suppose 2084 = 6*w - 2*w. Let h = w - 298. Is h prime?
True
Let p = 23 + -20. Let h(g) = -g**3 - 3*g**2 - 2*g. Let r be h(-3). Is p - r/(-3)*10 prime?
True
Let b(r) be the first derivative of 11*r**2 - r + 2. Let k = -9 - -12. Is b(k) a prime number?
False
Let p(v) = 3*v**2 - 1. Let q be p(-1). Let o be 0 - (-3 + 2/q). Suppose -o*k + r = -3*r - 226, -5*r = -3*k + 342. Is k prime?
False
Suppose r = i - 3*r - 763, r + 3067 = 4*i. Is i a composite number?
True
Let i be (-28)/(-6) - (-4)/(-6). Suppose 2*m - i*y + 5*y = 106, -3*m = -5*y - 185. Suppose 3*u - m = 50. Is u a prime number?
False
Suppose 2*s = 2*x + 46, -2*s - x = -2*x - 50. Suppose 5*n - 5*g = -75, -n - n = -5*g + s. Let p = n + 47. Is p a composite number?
False
Let i be (215/(-10))/((-1)/10). Let v = i + 48. Is v a composite number?
False
Suppose 28 = -2*x + 10. Let k be (-1 - 1)*x/6. Suppose 0 = -0*r + k*r - 111. Is r a composite number?
False
Let f(h) = -15*h**3 - h**2 - h - 6. Is f(-3) a prime number?
False
Let y(h) = 39*h + 1 - 3 + 50*h. Is y(3) composite?
True
Let d = -441 - -1228. Is d a composite number?
False
Suppose -3*p - 5*s = -256, p - 5*p - s + 330 = 0. Is p a prime number?
False
Suppose -5*y = -7*y + 50. Is y a composite number?
True
Let r = 7 + -7. Suppose 2*w - 24 - 8 = r. Suppose u - 143 = -w. Is u a prime number?
True
Let n = -3 + 4. Let u be (n/(-1))/(3/48). Let k = -3 - u. Is k a composite number?
False
Let r(h) = -4*h - 11. Let g be r(-9). Suppose 3*q = g + 5. Is q a prime number?
False
Is -1238*(-4 + (-35)/(-10)) composite?
False
Let a(h) = 262*h + 19. Is a(4) a composite number?
True
Let y(f) = 8*f**2 - 5*f + 1. Let j = -17 + 13. Is y(j) composite?
False
Suppose 3*p - 4*n + 38 = 0, 2*p - 2 = -3*n - 33. Is 4/p - (-100)/7 a composite number?
True
Suppose 5*y - 7*y = -670. Is y a prime number?
False
Let g = 1595 + -172. Is g prime?
True
Suppose -4*p + 1917 = 5*t, -2*p + 3*t + 953 = -0*t. Is p composite?
True
Suppose -d - 6*l = -2*l - 11, 3*d - 47 = -5*l. Suppose -2*g = -217 - d. Is g a prime number?
False
Let q(i) = -i + 2. Let p be q(-4). Suppose -p*g + 628 = -2*g. Is g a composite number?
False
Let s(h) = -h**2 + h - 1. Let t(r) = 14*r**2 - 8*r + 2. Let b(v) = 3*s(v) + t(v). Is b(4) prime?
False
Let y = 1069 + -742. Suppose -5*s + 2*s - y = 0. Let t = -63 - s. Is t a prime number?
False
Is (2207 - -2 - 0) + 4 a composite number?
False
Is ((-1804)/(-12) + 2)*3 prime?
True
Suppose 2*h - 5 - 5 = 0. Suppose -h*i + 760 = 5*c + 225, c = -2. Is i composite?
False
Let q = 30 + -11. Suppose 18*f + 15 = q*f. Is f prime?
False
Is (-1)/7 - (-97030)/217 prime?
False
Suppose 0 = 2*l + 3*l + 30. Let v be 8/l - (-4)/12. Let r(u) = 85*u**2 - u - 1. Is r(v) a composite number?
True
Let h = 192 + -70. Suppose 307 = z + h. Is z a composite number?
True
Is ((-8)/6)/((-2)/21) composite?
True
Let q = 0 - -3. Is -57*1*q/(-9) composite?
False
Let f be 138/4 + (-2)/(-4). Suppose -f - 49 = -4*r. Is r composite?
True
Let q be 10/(-3)*-12*2. Let k = -182 + q. Let u = -71 - k. Is u a prime number?
True
Let g(y) = -y**2 - 11*y + 11. Let z = 10 - 20. Is g(z) a prime number?
False
Let f(m) = -m**2 + 5*m + 2. Let n be f(6). Is n/6 + 161/21 composite?
False
Let h be ((-3)/(-6))/(2/12). Suppose -h*o - 65 = -8*o. Is o prime?
True
Let b(i) = 3*i**2 + 5*i + 25. Is b(-18) prime?
True
Let j(h) = -2*h - 9. Let x(f) = f + f - 3*f. Let a(g) = j(g) - 6*x(g). Is a(11) a prime number?
False
Suppose -110 = -2*q + 7*q. Let y be (-2)/(-3*(-3)/18). Is (-2 + 4)/(y/q) composite?
False
Let o = 3252 - 1979. Is o a composite number?
True
Let y = 1118 - 601. Is y a composite number?
True
Let r(p) = -p**3 - p**2 - 2*p + 7. Let y be r(0). Suppose -2*g = -4*q - 402, -y*g - 3*q = -3*g - 749. Is g prime?
True
Is 2/(5326/10636 + (-10)/20) a prime number?
True
Suppose -4*m + 0*m + 796 = 0. Suppose -4*o + 857 = -m. Suppose -3*x - c + 5*c + 155 = 0, -5*x = -c - o. Is x a composite number?
False
Suppose h = -0*h + 299. Is h a prime number?
False
Let a(s) be the third derivative of s**5/20 + s**4/8 - s**3/2 + 2*s**2. Is a(2) composite?
True
Suppose 4*d = -3*g + 913, 3*g = 3*d + 2*d -